5*x**2/2 - 6*x. Let j = 21 - 25. Give z(j).
-9
Let b(u) = -6*u - 30 - 41 + 80 - 28. What is b(-6)?
17
Let y(b) = 11*b - 27. Let j(w) = 5*w - 13. Let u(g) = -13*j(g) + 6*y(g). Determine u(-7).
0
Let w(g) be the second derivative of -g**4/6 - g**3/3 - g**2 + 382*g. What is w(-2)?
-6
Let m(x) = 2*x**2 - 6*x - 6. Let l be m(5). Let y(v) = 16*v + 63. Let r be y(-3). Let b(j) = r*j**3 - 2 - l*j**3 - 5*j**2 + 4*j**2 - 1 - 3*j. Give b(-2).
-9
Let q be (-5)/2 + (-3)/(-6). Let p be (-6 + 7)*(q - -1). Let i(r) = -5*r**2 + 2*r + 1. Calculate i(p).
-6
Suppose 19*t = 18*t + 2, 4*r - 2 = 5*t. Let b(p) be the second derivative of p**3/2 - 2*p**2 + 4*p. Give b(r).
5
Let d(m) be the first derivative of -m**3/3 + 4*m**2 - 10*m + 71. Determine d(6).
2
Let i(h) be the second derivative of 2/3*h**3 - 15*h + 0 - 2*h**2. Determine i(7).
24
Let b(i) = 1 + 5 + 1 + i - 2*i + 1. Determine b(8).
0
Let o = -22 - -21. Let y be -1 + (-2 - (o + -2)). Let a(q) be the second derivative of -q**4/12 + q**3/6 + 2*q**2 - 3*q. Give a(y).
4
Let k(f) = -f**2 - 2*f - 6. Let w(h) = h**2 - 8*h - 38. Let j be w(-3). Calculate k(j).
-21
Let m(v) = -5*v**3 - v**2 + 2*v - 2. Suppose -2*d = 4*k - 12, 71*d - 76*d - 3*k = -16. Calculate m(d).
-42
Let p = 26 - 23. Let w(d) = -2*d**2 - 2*d. Let v(x) = -x**2 - 2*x. Let z(g) = p*v(g) - 2*w(g). What is z(3)?
3
Suppose 7 = 4*x - 9. Suppose -x*g + 29 = 5*c, -4*g + 4*c + 0*c = 16. Let q(z) = 5*z - 1. Determine q(g).
4
Let a(s) = s**2 - s + 2. Let z be a(-2). Let n(v) = 15*v - 42. Let b(u) = -2*u + 4. Let f(w) = 7*b(w) + n(w). What is f(z)?
-6
Let i(j) = 18*j - 1. Suppose 3*o = 18*o - 30. Suppose -u - 1 = -2. Let p = o - u. Give i(p).
17
Let j(o) = -2*o + 28. Let s(v) = 13. Let u(h) = 3*j(h) - 7*s(h). Calculate u(-2).
5
Let t(o) = -o**3 + 29 + 4*o**2 - o - 23 - 10. Give t(4).
-8
Let g(m) = -11*m**3 - 3*m**2 - 10*m - 22. Let h(t) = -5*t**3 - t**2 - 5*t - 10. Let x(y) = 6*g(y) - 13*h(y). Calculate x(-6).
4
Suppose 0 = 3*v + l - 11, -3*v - l + 21 = 2*v. Let g(u) = 0*u + u**2 - 5*u + 0*u**2 + 5. Let i be g(v). Let z(x) = -x + 9. Give z(i).
4
Let w be (3 - (-2)/(-1)) + 1. Let o(m) = -4*m - 4. Let l(c) = -9*c - 9. Let f(n) = w*l(n) - 5*o(n). Calculate f(3).
8
Let d(f) be the third derivative of f**6/60 + 11*f**4/8 - f**3/6 + f**2 + 2*f. Let y(z) be the second derivative of d(z). Determine y(1).
12
Let f(i) = -i**3 - i**2 - 3*i - 1. Let w = -287 - -285. Determine f(w).
9
Let a(u) = 81*u**3 + 8*u**2 + 8*u - 3. Let k(j) = 54*j**3 + 5*j**2 + 5*j - 2. Let m(h) = -5*a(h) + 8*k(h). Calculate m(-1).
-28
Let p be -1*15 - (3 + 0). Let j = p - -34. Let n(v) = -7 + 1 - j*v + 18*v. What is n(6)?
6
Let y be -6 - (-3 + 2 + (-19)/19). Let u(a) = -7*a + 5. Give u(y).
33
Let x(t) be the first derivative of 0*t + 2 - 2*t + 2*t + 5*t**2. Calculate x(1).
10
Let w(a) = 2*a**3 + 10*a**2 - 12*a + 2. Let s be w(1). Let y(f) = 2 + f**2 - 3*f**2 + 0. Give y(s).
-6
Let u(d) = d**3 - 16. Let f(a) = -a - 1. Let t(i) = i**2 - 25*i - 1. Let c(w) = -2*f(w) + 2*t(w). Let v be c(24). What is u(v)?
-16
Let t(x) = -11*x**3 - 10*x**2 + 40*x + 86. Let u(k) = -4*k**3 - 3*k**2 + 15*k + 29. Let d(g) = -3*t(g) + 8*u(g). What is d(-5)?
-1
Let v be 90/75*(-20)/(-6). Let h(f) be the third derivative of 4*f**2 + 0 - 1/3*f**3 + 1/120*f**6 - 1/15*f**5 + 0*f**v + 0*f. Give h(4).
-2
Let t = 12 + -9. Suppose o - 36 = -t*o. Suppose 3*f - o = 6*f. Let z(b) = b - 3. Determine z(f).
-6
Let d = -36 - -42. Suppose 4*f + 6 = d. Let j(q) = q**2 - q - 14. What is j(f)?
-14
Let k be 6/(-4)*4/(-6). Let p(h) = -h + 6*h - 13 - k. Let b(t) = 2*t - 5. Let u(n) = 17*b(n) - 6*p(n). What is u(1)?
3
Let q = 638 - 635. Let m(g) = 3*g + 4. Let j(i) = 2*i + 3. Let l(a) = -5*j(a) + 4*m(a). Calculate l(q).
7
Suppose 5*b = 16 - 1. Suppose -3*i + 12 = 4*z, 9 = b*z - 0*i + 5*i. Let o(y) = y**2 - 11*y + 26. Let s(c) = -2*c + 6. Let r(f) = -o(f) + 4*s(f). What is r(z)?
-2
Let t = -5 + 16. Let r(z) = 16*z**2 + 21*z + 1. Let p(y) = 3*y**2 + 4*y. Let f(q) = t*p(q) - 2*r(q). Give f(-3).
1
Let l(x) = 4*x**3 - 5*x**2 + 2*x - 3. Let z(g) = 13*g**3 - 14*g**2 + 5*g - 8. Let r(w) = -8*l(w) + 3*z(w). Suppose b = -2*b - 3. Give r(b).
-8
Let r(j) be the second derivative of j**3/6 + 3*j**2/2 + 27*j. Let o be -9 + 0 + (-3)/(5 + -6). Determine r(o).
-3
Let i = 13 - 10. Suppose -4*o + 2*o = 5*d - 28, -3*d = -i*o. Suppose -d*r = -8*r - 8. Let k(p) = 4*p. What is k(r)?
-8
Let h(p) = 11*p - 19. Let r(a) = -5*a + 7. Let j(g) = 10*g - 13. Let k(t) = 2*j(t) + 5*r(t). Let v(q) = 6*h(q) + 13*k(q). What is v(-6)?
-3
Let x(o) = -o**3 + 7*o**2 + 0*o**3 + 4 + 210429*o - 210430*o. What is x(7)?
-3
Suppose 2*s + 1 = -7. Let l be (-10)/(1*s/8). Suppose 5*u = 3*k + 20, -5*k + 2*u = -3*u + l. Let i(x) = -x**3 + x**2 + x + 10. Determine i(k).
10
Let x(q) = q**3 + q**2 - 5*q + 10. Let o(h) = -h - 1. Let n(s) = 6*o(s) - x(s). Let j(w) = w - 1. Let y be j(1). What is n(y)?
-16
Let h be -2*5*(-1)/2. Let b(x) be the second derivative of -x**5/20 + x**4/2 - 2*x**3/3 - x**2/2 - 94*x. Determine b(h).
4
Let t(p) = 3*p**2 - 2*p - 1. Let c(v) = -7*v**2 + 6*v + 2. Suppose -j - j - 24 = 4*u, 3*j = 2*u + 4. Let n(g) = u*t(g) - 2*c(g). Determine n(4).
-23
Let f(n) = -n**2 - 7*n - 24. Let z(m) = 3*m**2 + 21*m + 67. Let a(g) = -8*f(g) - 3*z(g). Determine a(-5).
1
Let a be -1 + 5 + -2 + -7. Let t = -3 - a. Let p(j) = j**2 + 2*j - 3. Let n(y) = -y**2 - 4*y + 5. Let o(z) = -3*n(z) - 5*p(z). Give o(t).
-4
Let x(s) = s**2 - 5*s - 4. Suppose -n = 3, 2*n + 2*n - 18 = -2*b. Let c = -9 + b. Let o be 10/3 - c/(-9). What is x(o)?
-8
Let w(u) = 4*u**2 + 7*u + 8. Let v(n) = 3*n**2 + 6*n + 7. Suppose 5*a + 9 = -x, -x + 0*x = 3*a + 7. Let p(h) = x*w(h) + 5*v(h). Give p(4).
-5
Let v(k) = -k**2 - 6*k + 18. Let d be v(-8). Let o(a) = -3*a**2 - 5*a - 3. Let r(f) = 4*f**2 + 5*f + 4. Let u(w) = d*r(w) + 3*o(w). Calculate u(-4).
3
Suppose 5*s - 10 = 0, 0*r = 2*r - 3*s - 20. Suppose -11*v = -r*v - 8. Let w(o) = 4*o + o + 5 - 3*o. Determine w(v).
-3
Suppose 4*x = -5*u + 68 - 57, -3*u + 3*x - 15 = 0. Let b(z) = 13*z. Give b(u).
-13
Let c be (-1 - -1)*(-1)/3. Suppose c = 4*p - 0*p + 12. Let f(b) be the third derivative of b**4/24 + 5*b**3/6 - 9*b**2. Determine f(p).
2
Let n(d) = 3*d + 0*d + 173 - 175. Determine n(4).
10
Let d(c) = -c**2 + c - 1. Suppose -39 = 3*n - 42. Let u(a) = 2*a - 3. Let j(g) = n*d(g) + u(g). Calculate j(3).
-4
Let t(v) = -4*v**2 + v - 1. Let s = 66 - 64. Suppose -2*q - 5 = 1. Let p(y) = -5*y**2 + 2*y - 2. Let u(i) = q*t(i) + s*p(i). Calculate u(-2).
5
Let p(h) = h**3 + 14*h**2 - 18*h - 51. Let t = 1183 + -1198. What is p(t)?
-6
Let p(y) be the first derivative of y**4/4 + 4*y**3/3 - 5*y - 63. Let w be 64/(-24)*3/2. Give p(w).
-5
Suppose -3*n + 121 = -3*g + 2*g, g = -1. Let x be n/6*(-9)/(-6). Let s = -13 + x. Let a(i) = -3*i - 3. Give a(s).
6
Let w(i) = -9*i. Let q(f) = f. Let g(b) = -2*q(b) + w(b). Let h(o) = 39*o. Let t(j) = 18*g(j) + 5*h(j). Suppose x + 3*x = 4. Give t(x).
-3
Let g be ((-4)/(-3))/((-12)/(-9)). Let j = g - -4. Let n(z) = -3*z + 3 + j + 4*z. Give n(-6).
2
Let d(q) = q**3 + 15*q**2 + 15*q + 21. Suppose -5*c + n - 87 = -13, -5*n = 2*c + 8. Calculate d(c).
7
Let q(d) = -2*d**3 + 12*d**2 - 1. Let i be q(6). Let y(u) = 10*u**2 - 1. Let l be y(i). Let v(h) = 12 + h**2 - 2 - 8 - l*h. Calculate v(8).
-6
Suppose 0 = r - 3*x - 11, r = -0*r - 3*x + 35. Let z(b) = -r + 5*b**2 + 28 - 3*b**2 - 4*b - 3*b**2. Give z(-6).
-7
Let o(p) = -3*p + p**3 + 15 + 6*p**3 - 8*p**2 + 2*p**3 - 8*p**3. Let y be o(8). Let q be 2/y - (-250)/(-90). Let n(l) = l**3 + 2*l**2 + 2. Give n(q).
-7
Let u(c) = -c**3 + 3*c**2 + 3*c - 4. Let p be u(4). Let q(k) be the first derivative of -k**4/4 - 3*k**3 - 9*k**2/2 - 8*k + 20. Give q(p).
0
Let n(s) = s**3 - 4*s**2 + 3. Suppose 2*j = -2, 2*j = -2*h + 7*j - 25. Let q = -25 - h. Let u = 14 + q. What is n(u)?
3
Let w(d) = -6*d**3 - d**2 + 1. Let u be (-33)/44 + (-2)/8. Let n be w(u). Let k(a) = -a**2 + 6*a + 8. Give k(n).
8
Let f(n) = 5*n. Let l be (-16)/((-6)/(3/1)). Let m = l - 11. Calculate f(m).
-15
Let o(y) = -7*y + 44. Let c be o(6). Let t(w) = -5*w**3 + 3*w**2 - w + 1. Calculate t(c).
-29
Let b(s) be the third derivative of s**5/60 + 4*s**3 + 20*s**2. What is b(0)?
24
Suppose -3*w + 5*g = g + 32, -2*w = -5*g + 33. Let o be w/16 - 25/(-4). Let l(s) = 2*s - 6. 